
False
Does 47 divide 734?
False
Is 60773 a multiple of 11?
False
Does 2 divide 1227?
False
Is 5 a factor of 913?
False
Does 17 divide 6597?
False
Is 26833 a multiple of 6?
False
Is 135 a multiple of 27?
True
Is 23 a factor of 1357?
True
Is 427 a multiple of 7?
True
Is 744 a multiple of 62?
True
Is 26 a factor of 2823?
False
Is 577 a multiple of 14?
False
Is 26 a factor of 59379?
False
Is 5200 a multiple of 25?
True
Is 2959 a multiple of 5?
False
Does 46 divide 1472?
True
Is 48 a factor of 65429?
False
Is 3 a factor of 229?
False
Is 21 a factor of 777?
True
Is 22243 a multiple of 42?
False
Does 23 divide 81153?
False
Is 27032 a multiple of 7?
False
Is 636 a multiple of 53?
True
Is 244 a multiple of 4?
True
Does 49 divide 22626?
False
Is 10 a factor of 678?
False
Does 21 divide 333?
False
Is 338 a multiple of 3?
False
Is 9520 a multiple of 170?
True
Does 25 divide 466?
False
Is 120175 a multiple of 437?
True
Is 38 a factor of 76912?
True
Does 63 divide 3751?
False
Does 25 divide 1100?
True
Is 4 a factor of 1030?
False
Is 50 a factor of 71650?
True
Is 11969 a multiple of 13?
False
Is 16 a factor of 17683?
False
Is 171 a factor of 53704?
False
Does 3 divide 327?
True
Does 40 divide 349?
False
Does 39 divide 7382?
False
Is 34478 a multiple of 103?
False
Does 42 divide 336?
True
Is 41 a factor of 78925?
True
Does 13 divide 455?
True
Is 92 a factor of 3257?
False
Is 6060 a multiple of 24?
False
Does 24 divide 10536?
True
Does 14 divide 1334?
False
Is 22 a factor of 1914?
True
Does 46 divide 2714?
True
Does 19 divide 52888?
False
Does 17 divide 68?
True
Is 8577 a multiple of 10?
False
Does 49 divide 1470?
True
Does 14 divide 2823?
False
Is 23 a factor of 502?
False
Is 71 a factor of 4402?
True
Is 8 a factor of 686?
False
Is 54 a factor of 270?
True
Does 24 divide 2273?
False
Is 95 a factor of 1800?
False
Does 65 divide 3059?
False
Does 13 divide 804?
False
Is 4693 a multiple of 19?
True
Is 1252 a multiple of 46?
False
Is 96 a multiple of 16?
True
Does 13 divide 702?
True
Is 1155 a multiple of 33?
True
Does 43 divide 19054?
False
Is 14 a factor of 924?
True
Is 372 a multiple of 62?
True
Is 398 a multiple of 2?
True
Is 2146 a multiple of 37?
True
Is 30420 a multiple of 10?
True
Does 14 divide 336?
True
Is 77 a multiple of 7?
True
Is 7020 a multiple of 52?
True
Is 123530 a multiple of 14?
False
Is 2517 a multiple of 8?
False
Does 23 divide 508?
False
Is 32329 a multiple of 93?
False
Is 48 a factor of 830?
False
Does 8 divide 4975?
False
Is 7968 a multiple of 16?
True
Does 62 divide 620?
True
Does 24 divide 47?
False
Does 42 divide 252?
True
Is 2628 a multiple of 15?
False
Does 8 divide 1232?
True
Is 28944 a multiple of 16?
True
Is 2479 a multiple of 10?
False
Is 7 a factor of 25181?
False
Does 17 divide 9348?
False
Is 102 a factor of 699?
False
Does 31 divide 10075?
True
Is 7195 a multiple of 10?
False
Is 113 a factor of 31527?
True
Is 13 a factor of 51503?
False
Is 57 a factor of 57?
True
Does 16 divide 1600?
True
Is 20 a factor of 332?
False
Is 15300 a multiple of 12?
True
Is 3000 a multiple of 30?
True
Is 48 a factor of 6192?
True
Is 3500 a multiple of 50?
True
Does 4 divide 92?
True
Is 322 a multiple of 55?
False
Is 1046 a multiple of 12?
False
Does 28 divide 7840?
True
Does 10 divide 22100?
True
Is 2932 a multiple of 49?
False
Is 84 a factor of 1261?
False
Is 2240 a multiple of 10?
True
Is 72369 a multiple of 7?
False
Is 12 a factor of 353?
False
Is 1420 a multiple of 18?
False
Does 126 divide 42840?
True
Is 2328 a multiple of 24?
True
Does 42 divide 2907?
False
Is 32514 a multiple of 133?
False
Does 16 divide 617?
False
Is 4 a factor of 608?
True
Is 50 a factor of 400?
True
Is 454 a multiple of 11?
False
Does 58 divide 1446?
False
Is 8106 a multiple of 21?
True
Is 10768 a multiple of 4?
True
Is 26 a factor of 1690?
True
Is 5 a factor of 19286?
False
Does 14 divide 588?
True
Is 868 a multiple of 14?
True
Is 44 a factor of 7571?
False
Does 2 divide 2036?
True
Does 38 divide 10922?
False
Is 12320 a multiple of 44?
True
Is 11517 a multiple of 33?
True
Is 5559 a multiple of 109?
True
Does 10 divide 757?
False
Does 63 divide 31975?
False
Does 2 divide 84?
True
Is 18 a factor of 882?
True
Is 27569 a multiple of 55?
False
Is 18038 a multiple of 104?
False
Is 8 a factor of 634?
False
Is 63 a factor of 6615?
True
Does 17 divide 3145?
True
Is 22968 a multiple of 58?
True
Is 288 a multiple of 8?
True
Is 19 a factor of 6023?
True
Is 9379 a multiple of 83?
True
Is 73214 a multiple of 212?
False
Is 1360 a multiple of 34?
True
Does 40 divide 1520?
True
Is 8 a factor of 1325?
False
Does 18 divide 7649?
False
Is 21 a factor of 180?
False
Is 2484 a multiple of 9?
True
Is 11540 a multiple of 20?
True
Is 118 a factor of 3679?
False
Does 9 divide 2254?
False
Is 21 a factor of 2835?
True
Is 17 a factor of 1717?
True
Does 81 divide 147?
False
Is 24 a factor of 3432?
True
Is 416 a multiple of 67?
False
Is 414 a multiple of 64?
False
Does 44 divide 19760?
False
Is 18 a factor of 14760?
True
Does 5 divide 1070?
True
Does 11 divide 65594?
False
Is 3034 a multiple of 5?
False
Does 76 divide 836?
True
Is 12663 a multiple of 63?
True
Is 14 a factor of 5198?
False
Is 1207 a multiple of 17?
True
Is 15116 a multiple of 5?
False
Does 39 divide 893?
False
Is 17 a factor of 5559?
True
Is 3874 a multiple of 26?
True
Is 16 a factor of 7638?
False
Does 19 divide 435?
False
Is 328 a multiple of 4?
True
Does 16 divide 496?
True
Is 1408 a multiple of 11?
True
Does 27 divide 1019?
False
Is 520 a multiple of 4?
True
Is 14 a factor of 181?
False
Is 229 a multiple of 6?
False
Is 13 a factor of 1451?
False
Is 20 a factor of 3573?
False
Is 14 a factor of 1061?
False
Is 65450 a multiple of 10?
True
Is 658 even?
True
Is 9450 a multiple of 63?
True
Does 21 divide 12152?
False
Does 2 divide 602?
True
Is 54 a factor of 15311?
False
Is 51 a factor of 375?
False
Is 69 a factor of 621?
True
Does 3 divide 5808?
True
Is 109720 a multiple of 40?
True
Is 161 a factor of 5292?
False
Is 91 a factor of 74256?
True
Does 14 divide 25816?
True
Is 24 a factor of 41411?
False
Does 3 divide 1278?
True
Is 50 a factor of 1970?
False
Does 21 divide 16294?
False
Is 59 a factor of 2302?
False
Is 20 a factor of 1000?
True
Is 901 a multiple of 7?
False
Is 5 a factor of 25195?
True
Does 58 divide 5684?
True
Is 15 a factor of 621?
False
Is 57749 a multiple of 74?
False
Does 27 divide 891?
True
Is 143 a multiple of 2?
False
Is 28 a factor of 696?
False
Does 86 divide 646?
False
Does 40 divide 58734?
False
Is 21 a factor of 462?
True
Is 1279 a multiple of 8?
False
Is 125 a multiple of 2?
False
Is 53 a factor of 1113?
True
Is 137 a factor of 5206?
True
Does 65 divide 42835?
True
Does 23 divide 897?
True
Does 86 divide 7998?
True
Is 2552 a multiple of 44?
True
Is 92 a factor of 2392?
True
Does 203 divide 6293?
True
Is 38 a factor of 37642?
False
Does 8 divide 2982?
False
Is 96 a factor of 40138?
False
Is 5 a factor of 230?
True
Is 622 a multiple of 5?
False
Is 310 a multiple of 49?
False
Is 31 a factor of 7315?
False
Does 97 divide 13774?
True
Does 56 divide 519?
False
Is 208 even?
True
Is 5 a factor of 2634?
False
Is 61 a factor of 1342?
True
Is 24680 a multiple of 10?
True
Does 4 divide 896?
True
Is 3 a factor of 2662?
False
Is 19128 a multiple of 6?
True
Is 168 a multiple of 28?
True
Is 34 a multiple of 2?
True
Is 809 a multiple of 11?
False
Does 105 divide 68305?
False
Is 17 a factor of 1207?
True
Is 4158 a multiple of 151?
False
Does 6 divide 1427?
False
Does 51 divide 5406?
True
Is 12720 a multiple of 120?
True
Does 13 divide 33605?
True
Does 68 divide 536?
False
Does 12 divide 399?
False
Is 12 a factor of 300?
True
Is 432 a multiple of 73?
False
Is 21 a factor of 99897?
True
Does 7 divide 13986?
True
Is 697 a multiple of 51?
False
Does 7 divide 17561?
False
Does 24 divide 1418?
False
Does 11 divide 803?
True
Is 5 a factor of 1535?
True
Is 12 a factor of 255?
False
Is 18 a factor of 759?
False
Does 13 divide 4849?
True
Is 6 a factor of 354?
True
Is 2446 a multiple of 27?
False
Is 2943 a multiple of 87?
False
Does 26 divide 33402?
False
Is 20 a factor of 59120?
True
Does 223 divide 22746?
True
Is 5133 a multiple of 84?
False
Does 124 divide 7688?
True
Does 28 divide 1064?
True
Is 1158 a multiple of 15?
False
Is 7389 a 